{"id":52,"date":"2017-01-23T11:34:36","date_gmt":"2017-01-23T16:34:36","guid":{"rendered":"http:\/\/auditcpa.co\/?page_id=52"},"modified":"2022-02-14T11:02:06","modified_gmt":"2022-02-14T16:02:06","slug":"alianzas","status":"publish","type":"page","link":"https:\/\/auditcpa.co\/index.php\/alianzas\/","title":{"rendered":"Alianzas"},"content":{"rendered":"\t\t<div data-elementor-type=\"wp-page\" data-elementor-id=\"52\" class=\"elementor elementor-52\">\n\t\t\t\t\t\t<section class=\"elementor-section elementor-top-section elementor-element elementor-element-3d760bfe elementor-section-boxed elementor-section-height-default elementor-section-height-default\" data-id=\"3d760bfe\" data-element_type=\"section\">\n\t\t\t\t\t\t<div class=\"elementor-container elementor-column-gap-default\">\n\t\t\t\t\t<div class=\"elementor-column elementor-col-100 elementor-top-column elementor-element elementor-element-4b6fb0ae\" data-id=\"4b6fb0ae\" data-element_type=\"column\">\n\t\t\t<div class=\"elementor-widget-wrap elementor-element-populated\">\n\t\t\t\t\t\t<div class=\"elementor-element elementor-element-1ece87 elementor-widget elementor-widget-text-editor\" data-id=\"1ece87\" data-element_type=\"widget\" data-widget_type=\"text-editor.default\">\n\t\t\t\t<div class=\"elementor-widget-container\">\n\t\t\t<style>\/*! elementor - v3.23.0 - 05-08-2024 *\/\n.elementor-widget-text-editor.elementor-drop-cap-view-stacked .elementor-drop-cap{background-color:#69727d;color:#fff}.elementor-widget-text-editor.elementor-drop-cap-view-framed .elementor-drop-cap{color:#69727d;border:3px solid;background-color:transparent}.elementor-widget-text-editor:not(.elementor-drop-cap-view-default) .elementor-drop-cap{margin-top:8px}.elementor-widget-text-editor:not(.elementor-drop-cap-view-default) .elementor-drop-cap-letter{width:1em;height:1em}.elementor-widget-text-editor .elementor-drop-cap{float:left;text-align:center;line-height:1;font-size:50px}.elementor-widget-text-editor .elementor-drop-cap-letter{display:inline-block}<\/style>\t\t\t\t<p>\u00a0<\/p>\n<!-- wp:image {\"align\":\"center\",\"id\":768,\"sizeSlug\":\"full\",\"linkDestination\":\"none\"} -->\n<div class=\"wp-block-image\">\n<figure class=\"aligncenter size-full\"><img fetchpriority=\"high\" decoding=\"async\" width=\"768\" height=\"318\" class=\"wp-image-768\" src=\"https:\/\/auditcpa.co\/wp-content\/uploads\/2022\/02\/Alianzas-2022.png\" alt=\"\" srcset=\"https:\/\/auditcpa.co\/wp-content\/uploads\/2022\/02\/Alianzas-2022.png 768w, https:\/\/auditcpa.co\/wp-content\/uploads\/2022\/02\/Alianzas-2022-300x124.png 300w\" sizes=\"(max-width: 768px) 100vw, 768px\" \/><\/figure>\n<\/div>\n<!-- \/wp:image --><!-- wp:paragraph -->\n<p>Las alianzas que hemos establecido, buscan el favorecimiento y valor agregado para nuestros clientes.<\/p>\n<!-- \/wp:paragraph --><!-- wp:paragraph -->\n<h3><strong>INCP (Instituto Nacional de Contadores P\u00fablicos)<br \/><\/strong>Es el ente colombiano afiliado a IFAC Federaci\u00f3n Internacional de Contadores Acreditados, este \u00faltimo establece normas de auditoria y c\u00f3digo de \u00e9tica. Somos miembros de INCP y contamos con Contadores vigentes y certificados en NIAS emitida por IFAC que es una metodolog\u00eda de auditor\u00eda basada en Normas Internacionales de Auditor\u00eda.<\/h3>\n<!-- \/wp:paragraph --><!-- wp:paragraph -->\n<h3><strong>Webtrust<\/strong><br \/>El programa WebTrust para las autoridades de certificaci\u00f3n se desarroll\u00f3 para aumentar la confianza del consumidor en Internet como un veh\u00edculo para llevar a cabo el comercio electr\u00f3nico y para aumentar la confianza del consumidor en la aplicaci\u00f3n de la tecnolog\u00eda PKI.\u00a0Este programa, que originalmente fue desarrollado conjuntamente por AICPA y CICA, ahora es administrado por Contadores Profesionales Colegiados de Canad\u00e1. Somos autorizados para realizar auditorias Webtrust y otorgar los sellos Webtrust a las Entidades Certificadoras.<\/h3>\n<!-- \/wp:paragraph --><!-- wp:paragraph -->\n<h3><strong>Thales-Gemalto<\/strong><br \/>Fabricante l\u00edder mundial en seguridad digital de dispositivos criptograficos HSM. Los HSM generan los certificados digitales garantizando la integridad y no repudio en los documentos electr\u00f3nicos. Somos canal de ventas de Thales para Colombia.<\/h3>\n<!-- \/wp:paragraph --><!-- wp:paragraph -->\n<h3><strong>Aseguramiento internacional<\/strong><br \/>Tambi\u00e9n ofrecemos nuestros servicios de aseguramiento a nivel internacional. Con la confianza de Realsec en nuestros servicios, desarrollamos e implementamos soluciones en equipo.<\/h3>\n<!-- \/wp:paragraph --><!-- wp:paragraph --><!-- \/wp:paragraph -->\t\t\t\t\t\t<\/div>\n\t\t\t\t<\/div>\n\t\t\t\t\t<\/div>\n\t\t<\/div>\n\t\t\t\t\t<\/div>\n\t\t<\/section>\n\t\t\t\t<\/div>\n\t\t","protected":false},"excerpt":{"rendered":"<p>\u00a0 Las alianzas que hemos establecido, buscan el favorecimiento y valor agregado para nuestros clientes. INCP (Instituto Nacional de Contadores P\u00fablicos)Es el ente colombiano afiliado a IFAC Federaci\u00f3n Internacional de Contadores Acreditados, este<\/p>\n<p><a class=\"more-link\" href=\"https:\/\/auditcpa.co\/index.php\/alianzas\/\">Leer m\u00e1s<\/a><\/p>\n","protected":false},"author":1,"featured_media":0,"parent":0,"menu_order":1,"comment_status":"closed","ping_status":"closed","template":"","meta":[],"_links":{"self":[{"href":"https:\/\/auditcpa.co\/index.php\/wp-json\/wp\/v2\/pages\/52"}],"collection":[{"href":"https:\/\/auditcpa.co\/index.php\/wp-json\/wp\/v2\/pages"}],"about":[{"href":"https:\/\/auditcpa.co\/index.php\/wp-json\/wp\/v2\/types\/page"}],"author":[{"embeddable":true,"href":"https:\/\/auditcpa.co\/index.php\/wp-json\/wp\/v2\/users\/1"}],"replies":[{"embeddable":true,"href":"https:\/\/auditcpa.co\/index.php\/wp-json\/wp\/v2\/comments?post=52"}],"version-history":[{"count":41,"href":"https:\/\/auditcpa.co\/index.php\/wp-json\/wp\/v2\/pages\/52\/revisions"}],"predecessor-version":[{"id":802,"href":"https:\/\/auditcpa.co\/index.php\/wp-json\/wp\/v2\/pages\/52\/revisions\/802"}],"wp:attachment":[{"href":"https:\/\/auditcpa.co\/index.php\/wp-json\/wp\/v2\/media?parent=52"}],"curies":[{"name":"wp","href":"https:\/\/api.w.org\/{rel}","templated":true}]}}